{"id":1064,"date":"2025-01-26T16:45:47","date_gmt":"2025-01-26T16:45:47","guid":{"rendered":"https:\/\/niederschulte-beratungsprinzip.de\/?page_id=1064"},"modified":"2026-03-27T14:38:37","modified_gmt":"2026-03-27T14:38:37","slug":"qualitaetsmanagement-spielseite","status":"publish","type":"page","link":"https:\/\/niederschulte-beratungsprinzip.de\/?page_id=1064","title":{"rendered":"Qualit\u00e4tsmanagement"},"content":{"rendered":"\n<style type=\"text\/css\" data-created_by=\"avia_inline_auto\" id=\"style-css-av-145nae-ed189539c7e89ea7918ba197d2ab90a4\">\n.avia-section.av-145nae-ed189539c7e89ea7918ba197d2ab90a4{\nbackground-repeat:no-repeat;\nbackground-image:url(https:\/\/niederschulte-beratungsprinzip.de\/wp-content\/uploads\/2024\/11\/IMG_20241112_135559.jpg);\nbackground-position:50% 0%;\nbackground-attachment:scroll;\n}\n.avia-section.av-145nae-ed189539c7e89ea7918ba197d2ab90a4 .av-section-color-overlay{\nopacity:0.6;\nbackground-color:#ffffff;\n}\n<\/style>\n<div id='av_section_1'  class='avia-section av-145nae-ed189539c7e89ea7918ba197d2ab90a4 main_color avia-section-default avia-no-border-styling  avia-builder-el-0  el_before_av_one_full  avia-builder-el-first  avia-full-stretch avia-bg-style-scroll av-section-color-overlay-active av-minimum-height av-minimum-height-custom av-height-custom  container_wrap fullsize'  data-section-bg-repeat='stretch' data-av_minimum_height_px='230'><div class=\"av-section-color-overlay-wrap\"><div class=\"av-section-color-overlay\"><\/div><div class='container av-section-cont-open' style='height:230px'><main  role=\"main\" itemprop=\"mainContentOfPage\"  class='template-page content  av-content-full alpha units'><div class='post-entry post-entry-type-page post-entry-1064'><div class='entry-content-wrapper clearfix'>\n\n<style type=\"text\/css\" data-created_by=\"avia_inline_auto\" id=\"style-css-av-jgf3pjem-ee2a691ebc0a9a100bc99d372a9c72ca\">\n#top .flex_column.av-jgf3pjem-ee2a691ebc0a9a100bc99d372a9c72ca{\nmargin-top:0px;\nmargin-bottom:0px;\n}\n.flex_column.av-jgf3pjem-ee2a691ebc0a9a100bc99d372a9c72ca{\nborder-radius:0px 0px 0px 0px;\npadding:0px 0px 0px 0px;\n}\n.responsive #top #wrap_all .flex_column.av-jgf3pjem-ee2a691ebc0a9a100bc99d372a9c72ca{\nmargin-top:0px;\nmargin-bottom:0px;\n}\n<\/style>\n<div  class='flex_column av-jgf3pjem-ee2a691ebc0a9a100bc99d372a9c72ca av_one_full  avia-builder-el-1  avia-builder-el-no-sibling  first flex_column_div av-animated-generic left-to-right av-zero-column-padding  '     ><style type=\"text\/css\" data-created_by=\"avia_inline_auto\" id=\"style-css-av-jgs0mnr3-524425db5a803704d137c1a50e9721a1\">\n#top .av-special-heading.av-jgs0mnr3-524425db5a803704d137c1a50e9721a1{\nmargin:0 0 0 0;\npadding-bottom:0;\ncolor:#000000;\nfont-size:4vw;\n}\nbody .av-special-heading.av-jgs0mnr3-524425db5a803704d137c1a50e9721a1 .av-special-heading-tag .heading-char{\nfont-size:25px;\n}\n#top #wrap_all .av-special-heading.av-jgs0mnr3-524425db5a803704d137c1a50e9721a1 .av-special-heading-tag{\nfont-size:4vw;\n}\n.av-special-heading.av-jgs0mnr3-524425db5a803704d137c1a50e9721a1 .special-heading-inner-border{\nborder-color:#000000;\n}\n.av-special-heading.av-jgs0mnr3-524425db5a803704d137c1a50e9721a1 .av-subheading{\nfont-size:25px;\n}\n\n@media only screen and (min-width: 480px) and (max-width: 767px){ \n#top #wrap_all .av-special-heading.av-jgs0mnr3-524425db5a803704d137c1a50e9721a1 .av-special-heading-tag{\nfont-size:0.8em;\n}\n}\n\n@media only screen and (max-width: 479px){ \n#top #wrap_all .av-special-heading.av-jgs0mnr3-524425db5a803704d137c1a50e9721a1 .av-special-heading-tag{\nfont-size:0.8em;\n}\n}\n<\/style>\n<div  class='av-special-heading av-jgs0mnr3-524425db5a803704d137c1a50e9721a1 av-special-heading-h2 custom-color-heading blockquote elegant-quote elegant-centered  avia-builder-el-2  avia-builder-el-no-sibling  av-inherit-size'><h2 class='av-special-heading-tag '  itemprop=\"headline\"  ><span class=\"heading-wrap\">Qualit\u00e4tsmanagement<\/span><\/h2><div class=\"special-heading-border\"><div class=\"special-heading-inner-border\"><\/div><\/div><\/div><\/div>\n<\/div><\/div><\/main><!-- close content main element --><\/div><\/div><\/div><div id='after_section_1'  class='main_color av_default_container_wrap container_wrap fullsize'  ><div class='container av-section-cont-open' ><div class='template-page content  av-content-full alpha units'><div class='post-entry post-entry-type-page post-entry-1064'><div class='entry-content-wrapper clearfix'>\n<div  class='flex_column av-4xywyw-9e04111821310d7c5ee5f7b6f00c8bf5 av_one_full  avia-builder-el-3  el_after_av_section  el_before_av_one_half  avia-builder-el-first  first flex_column_div  '     ><section  class='av_textblock_section av-m42tl61r-6708373a403e902966688c49defb2b32 '   itemscope=\"itemscope\" itemtype=\"https:\/\/schema.org\/CreativeWork\" ><div class='avia_textblock'  itemprop=\"text\" ><h1 style=\"text-align: center;\"><em>Falls du glaubst, dass du zu klein bist, um etwas zu bewirken, dann versuche mal zu schlafen, wenn eine M\u00fccke im Raum ist (Dalai Lama)<\/em><\/h1>\n<\/div><\/section><\/div>\n<div  class='flex_column av-fuxwt-186e4ed19e31e4b017addcde30e406aa av_one_half  avia-builder-el-5  el_after_av_one_full  el_before_av_one_half  first flex_column_div  column-top-margin'     ><section  class='av_textblock_section av-m3rhtct6-2d119d14d81ac14a03bad6c0410e6c5e '   itemscope=\"itemscope\" itemtype=\"https:\/\/schema.org\/CreativeWork\" ><div class='avia_textblock'  itemprop=\"text\" ><p>Stetige Weiterentwicklung hat f\u00fcr mich einen hohen Stellenwert.<\/p>\n<p>Ich bin <strong>Dipl. Sozialarbeiterin mit Zusatzausbildung zur systemischen Beraterin und Qualit\u00e4tskoordinatorin<\/strong>.<\/p>\n<p>Derzeit befinde ich mich in der Ausbildung zur zertifizierten <strong>HOCHiX Coach<\/strong> der HOCHiX Akademie. Eine bew\u00e4hrte und spezialisierte Ausbildung um <strong>Menschen mit Hochsensibilit\u00e4t, Hochbegabung, Vielbegabung, ADHS, ADS oder hochfunktionalem Autismus<\/strong> zu begleiten oder diese Thematiken in Prozessen mit einzubringen.<\/p>\n<p>Ausgew\u00e4hlte Themen von Fortbildungs- und Fachtagen sowie Bildungsurlaub in den letzten Monaten:<\/p>\n<ul>\n<li>14.07. &#8211; 18.07.2025 <strong>Rhetorik- Die Macht der Sprache in Beruf, Gesellschaft, Partnerschaft\u00a0<\/strong>(VHS K\u00f6ln, Dirk Hannemann)<\/li>\n<li>25.02.2025 (LVR\/LWL) <strong>Entwicklungswerkstatt: Ganztag zieht Kreise. Ausgestaltung von Kooperationsvereinbarungen auf kommunaler und operativer Ebene <\/strong>(LWL M\u00fcnster)<\/li>\n<li>05. &#038; 06. 09.2024 und 06. &#038; 07. 11. 2024 und\u00a010. &#038; 11. 12. 2024 (Kommune 360\u00b0) <strong>Lernpfad Change\u00a0Upgrade f\u00fcr den Aktenschrank<\/strong> (Phineo AG in Berlin)<\/li>\n<li>15.07. \u2013 19.07.2024\u00a0 \u00a0<strong>Kreative Workshops moderieren \u2013 New Work gestalten mit agilen Methoden<\/strong> (VHS K\u00f6ln, Dirk Hannemann)<span class=\"Apple-converted-space\">\u00a0<\/span><\/li>\n<li>12.06.- 14.06.2024 (Kommune 360\u00b0) <strong>Kommunen gemeinsam ver\u00e4ndern \u2013 Integrierte Planungs- und Steuerungsans\u00e4tze<\/strong> (Kommune 360\u00b0 Festival in Berlin)<span class=\"Apple-converted-space\">\u00a0<\/span><\/li>\n<li>22.05.2024, 11.09.2024, 27.11.2024 <strong>Fachreihe Kommunale Kinder- und Jugendf\u00f6rderplanung<\/strong> (LVR K\u00f6ln)<\/li>\n<li>21.02.2024 <strong>Entwicklungswerkstatt: Ganztag zieht Kreise. Kooperative Ganztagsbildung gestalten \u2013 den Rechtsanspruch kreisweit umsetzen<\/strong><span class=\"Apple-converted-space\"> (LVR K\u00f6ln)<\/span><\/li>\n<li>02.11.2023\u00a0 <strong>Junge LSBTI* &#8211; Liebe, Sex &#038; Jugendhilfe<\/strong> (gerne anders! NRW Fachberatungsstelle sexuelle Vielfalt &#038; Jugendarbeit, Fachtag in Aachen)<\/li>\n<\/ul>\n<\/div><\/section><\/div>\n<div  class='flex_column av-7vl05-662fe7125e1e9eb283931c955dcbf5a3 av_one_half  avia-builder-el-7  el_after_av_one_half  el_before_av_section  avia-builder-el-last  flex_column_div  column-top-margin'     ><p>\n<style type=\"text\/css\" data-created_by=\"avia_inline_auto\" id=\"style-css-av-m3rhrwuc-23b4fedb912f2dc086d8a5790c783d78\">\n.avia-image-container.av-m3rhrwuc-23b4fedb912f2dc086d8a5790c783d78 img.avia_image{\nbox-shadow:none;\n}\n.avia-image-container.av-m3rhrwuc-23b4fedb912f2dc086d8a5790c783d78 .av-image-caption-overlay-center{\ncolor:#ffffff;\n}\n<\/style>\n<div  class='avia-image-container av-m3rhrwuc-23b4fedb912f2dc086d8a5790c783d78 av-styling- avia-align-center  avia-builder-el-8  el_before_av_textblock  avia-builder-el-first '   itemprop=\"image\" itemscope=\"itemscope\" itemtype=\"https:\/\/schema.org\/ImageObject\" ><div class=\"avia-image-container-inner\"><div class=\"avia-image-overlay-wrap\"><img decoding=\"async\" fetchpriority=\"high\" class='wp-image-1065 avia-img-lazy-loading-not-1065 avia_image ' src=\"https:\/\/niederschulte-beratungsprinzip.de\/wp-content\/uploads\/2024\/11\/IMG_20221030_162150s-224x300.jpg\" alt='' title='IMG_20221030_162150s'  height=\"300\" width=\"224\"  itemprop=\"thumbnailUrl\" srcset=\"https:\/\/niederschulte-beratungsprinzip.de\/wp-content\/uploads\/2024\/11\/IMG_20221030_162150s-224x300.jpg 224w, https:\/\/niederschulte-beratungsprinzip.de\/wp-content\/uploads\/2024\/11\/IMG_20221030_162150s-766x1024.jpg 766w, https:\/\/niederschulte-beratungsprinzip.de\/wp-content\/uploads\/2024\/11\/IMG_20221030_162150s-768x1027.jpg 768w, https:\/\/niederschulte-beratungsprinzip.de\/wp-content\/uploads\/2024\/11\/IMG_20221030_162150s-1149x1536.jpg 1149w, https:\/\/niederschulte-beratungsprinzip.de\/wp-content\/uploads\/2024\/11\/IMG_20221030_162150s-1122x1500.jpg 1122w, https:\/\/niederschulte-beratungsprinzip.de\/wp-content\/uploads\/2024\/11\/IMG_20221030_162150s-527x705.jpg 527w, https:\/\/niederschulte-beratungsprinzip.de\/wp-content\/uploads\/2024\/11\/IMG_20221030_162150s-rotated.jpg 1500w\" sizes=\"(max-width: 224px) 100vw, 224px\" \/><\/div><\/div><\/div><br \/>\n<section  class='av_textblock_section av-mh7lmyc2-96d5804b28837eeaca832074b39f6ac9 '   itemscope=\"itemscope\" itemtype=\"https:\/\/schema.org\/CreativeWork\" ><div class='avia_textblock'  itemprop=\"text\" ><p><strong>Referenzen:<\/strong><\/p>\n<p><strong>Landschaftsverband Westfalen-Lippe<\/strong> (LWL): Thomas Fink, Fachberater Jugendhilfeplanung &amp; Organisationsberater (<a href=\"https:\/\/www.linkedin.com\/pulse\/eine-zukunftsf%C3%A4hige-jugendhilfelandschaft-braucht-agile-thomas-fink-7ucee\/?trackingId=HLl2MNpzyzL6fYyWCOiH7w%3D%3D\" target=\"_blank\" rel=\"noopener\">eine zukunftsf\u00e4hige Jugendhilfeplanung braucht agile Methoden LinkedIn<\/a>)<\/p>\n<p><strong>Landschaftsverband Rheinland<\/strong> (LVR): Dr. Karin Kleinen, Fachberaterin Ganztagsbildung Kooperative Ganztagsbildung kommunal koordinieren und fachlich beraten &#8211; Seminarreihe f\u00fcr Koordinator*innen und Fachberater*innen in den kommunalen Jugend\u00e4mtern und Schulverwaltungs\u00e4mtern<\/p>\n<p><strong>Stadt K\u00f6ln<\/strong>: Sabine Kampschulte und Michael Duhme, Amt f\u00fcr Schulentwicklung<\/p>\n<p>&#8222;Vielen Dank f\u00fcr die Begleitung durch den Tag. In der R\u00fccksprache waren wir uns einig, das wir den Prozess nach M\u00f6glichkeit gemeinsam fortsetzen m\u00f6chten.&#8220;<\/p>\n<p><strong>Stadt Baesweiler<\/strong>: Martin Dohlen, Amt f\u00fcr Schule, Sport und Kultur<\/p>\n<p><strong>Stadt Menden<\/strong>: Iris Rohe, Jugend und Familie<\/p>\n<p>&#8222;Es hat super viel Spa\u00df gemacht zusammen zu arbeiten. Hoffentlich bietet sich nochmal so eine Gelegenheit&#8220;<\/p>\n<p><strong>Stadt Kevelaer: <\/strong>Yvonne V\u00f6lkel, Schulen und Sport<\/p>\n<p><strong>St\u00e4dteRegion Aachen:<\/strong> Ilona Hartung, Bildungsb\u00fcro<\/p>\n<p>&#8222;Sie haben uns gut angesto\u00dfen&#8220;<\/p>\n<p><strong>Jugendhilfe Werne:<\/strong> Christina Schmidt, Fachbereichsleitung OGS<\/p>\n<p><strong>KGS Trierer Stra\u00dfe K\u00f6ln:<\/strong> Margit Faix, Schulleitung Schule im Startchancen-Programm<\/p>\n<\/div><\/section><\/p><\/div><\/div><\/div><\/div><!-- close content main div --><\/div><\/div>\n<style type=\"text\/css\" data-created_by=\"avia_inline_auto\" id=\"style-css-av-80mjgo-003c9f47b50a02e00e2ad14ac1824c5f\">\n.avia-section.av-80mjgo-003c9f47b50a02e00e2ad14ac1824c5f{\nbackground-color:#094978;\nbackground:linear-gradient( to top right, #094978, #105e96 );\n}\n<\/style>\n<div id='av_section_2'  class='avia-section av-80mjgo-003c9f47b50a02e00e2ad14ac1824c5f main_color avia-section-default avia-no-border-styling  avia-builder-el-10  el_after_av_one_half  avia-builder-el-last  avia-bg-style-scroll container_wrap fullsize'  ><div class='container av-section-cont-open' ><div class='template-page content  av-content-full alpha units'><div class='post-entry post-entry-type-page post-entry-1064'><div class='entry-content-wrapper clearfix'>\n<div class='flex_column_table av-609ilk-0596ca720c3b4272ffa9e72694e35046 sc-av_one_full av-equal-height-column-flextable'>\n<style type=\"text\/css\" data-created_by=\"avia_inline_auto\" id=\"style-css-av-609ilk-0596ca720c3b4272ffa9e72694e35046\">\n.flex_column.av-609ilk-0596ca720c3b4272ffa9e72694e35046{\nborder-radius:0px 0px 0px 0px;\npadding:0px 0px 0px 0px;\n}\n<\/style>\n<div  class='flex_column av-609ilk-0596ca720c3b4272ffa9e72694e35046 av_one_full  avia-builder-el-11  avia-builder-el-no-sibling  first flex_column_table_cell av-equal-height-column av-align-middle av-zero-column-padding  '     ><p>\n<style type=\"text\/css\" data-created_by=\"avia_inline_auto\" id=\"style-css-av-3i0f08-680a56830b8fc0ec8a1f3c5b99cb9730\">\n#top .av-special-heading.av-3i0f08-680a56830b8fc0ec8a1f3c5b99cb9730{\npadding-bottom:30px;\ncolor:#ffffff;\nfont-size:27px;\n}\nbody .av-special-heading.av-3i0f08-680a56830b8fc0ec8a1f3c5b99cb9730 .av-special-heading-tag .heading-char{\nfont-size:25px;\n}\n#top #wrap_all .av-special-heading.av-3i0f08-680a56830b8fc0ec8a1f3c5b99cb9730 .av-special-heading-tag{\nfont-size:27px;\n}\n.av-special-heading.av-3i0f08-680a56830b8fc0ec8a1f3c5b99cb9730 .special-heading-inner-border{\nborder-color:#ffffff;\n}\n.av-special-heading.av-3i0f08-680a56830b8fc0ec8a1f3c5b99cb9730 .av-subheading{\nfont-size:15px;\n}\n\n@media only screen and (min-width: 480px) and (max-width: 767px){ \n#top #wrap_all .av-special-heading.av-3i0f08-680a56830b8fc0ec8a1f3c5b99cb9730 .av-special-heading-tag{\nfont-size:0.8em;\n}\n}\n\n@media only screen and (max-width: 479px){ \n#top #wrap_all .av-special-heading.av-3i0f08-680a56830b8fc0ec8a1f3c5b99cb9730 .av-special-heading-tag{\nfont-size:0.8em;\n}\n}\n<\/style>\n<div  class='av-special-heading av-3i0f08-680a56830b8fc0ec8a1f3c5b99cb9730 av-special-heading-h4 custom-color-heading blockquote modern-quote modern-centered  avia-builder-el-12  el_before_av_button  avia-builder-el-first  av-inherit-size'><h4 class='av-special-heading-tag '  itemprop=\"headline\"  >Wobei kann ich Sie begleiten?<\/h4><div class='av_custom_color av-subheading av-subheading_below'><p>Senden Sie mir eine Email<\/p>\n<\/div><div class=\"special-heading-border\"><div class=\"special-heading-inner-border\"><\/div><\/div><\/div><br \/>\n<div  class='avia-button-wrap av-21070o-e6756fab8f220a38cc06c361ea57361f-wrap avia-button-center  avia-builder-el-13  el_after_av_heading  avia-builder-el-last '>\n<style type=\"text\/css\" data-created_by=\"avia_inline_auto\" id=\"style-css-av-21070o-e6756fab8f220a38cc06c361ea57361f\">\n#top #wrap_all .avia-button.av-21070o-e6756fab8f220a38cc06c361ea57361f{\nbackground-color:#ffffff;\nborder-color:#ffffff;\ncolor:#000000;\ntransition:all 0.4s ease-in-out;\n}\n#top #wrap_all .avia-button.av-21070o-e6756fab8f220a38cc06c361ea57361f .avia-svg-icon svg:first-child{\nfill:#000000;\nstroke:#000000;\n}\n<\/style>\n<a href='https:\/\/niederschulte-beratungsprinzip.de\/?page_id=156'  class='avia-button av-21070o-e6756fab8f220a38cc06c361ea57361f av-link-btn avia-icon_select-yes-right-icon avia-size-large avia-position-center av-icon-on-hover'   aria-label=\"Kontakt\"><span class='avia_iconbox_title' >Kontakt<\/span><span class='avia_button_icon avia_button_icon_right avia-iconfont avia-font-entypo-fontello' data-av_icon='\ue879' data-av_iconfont='entypo-fontello' ><\/span><\/a><\/div><\/p><\/div><\/div><!--close column table wrapper. Autoclose: 1 -->\n<\/p>\n","protected":false},"excerpt":{"rendered":"","protected":false},"author":2,"featured_media":0,"parent":0,"menu_order":0,"comment_status":"closed","ping_status":"closed","template":"","meta":{"footnotes":""},"class_list":["post-1064","page","type-page","status-publish","hentry"],"yoast_head":"<!-- This site is optimized with the Yoast SEO plugin v27.5 - https:\/\/yoast.com\/product\/yoast-seo-wordpress\/ -->\n<title>Qualit\u00e4tsmanagement - Niederschulte-Beratungsprinzip<\/title>\n<meta name=\"robots\" content=\"index, follow, max-snippet:-1, max-image-preview:large, max-video-preview:-1\" \/>\n<link rel=\"canonical\" href=\"https:\/\/niederschulte-beratungsprinzip.de\/?page_id=1064\" \/>\n<meta property=\"og:locale\" content=\"de_DE\" \/>\n<meta property=\"og:type\" content=\"article\" \/>\n<meta property=\"og:title\" content=\"Qualit\u00e4tsmanagement - Niederschulte-Beratungsprinzip\" \/>\n<meta property=\"og:url\" content=\"https:\/\/niederschulte-beratungsprinzip.de\/?page_id=1064\" \/>\n<meta property=\"og:site_name\" content=\"Niederschulte-Beratungsprinzip\" \/>\n<meta property=\"article:modified_time\" content=\"2026-03-27T14:38:37+00:00\" \/>\n<meta name=\"twitter:card\" content=\"summary_large_image\" \/>\n<meta name=\"twitter:label1\" content=\"Gesch\u00e4tzte Lesezeit\" \/>\n\t<meta name=\"twitter:data1\" content=\"3\u00a0Minuten\" \/>\n<script type=\"application\/ld+json\" class=\"yoast-schema-graph\">{\"@context\":\"https:\\\/\\\/schema.org\",\"@graph\":[{\"@type\":\"WebPage\",\"@id\":\"https:\\\/\\\/niederschulte-beratungsprinzip.de\\\/?page_id=1064\",\"url\":\"https:\\\/\\\/niederschulte-beratungsprinzip.de\\\/?page_id=1064\",\"name\":\"Qualit\u00e4tsmanagement - Niederschulte-Beratungsprinzip\",\"isPartOf\":{\"@id\":\"https:\\\/\\\/niederschulte-beratungsprinzip.de\\\/#website\"},\"datePublished\":\"2025-01-26T16:45:47+00:00\",\"dateModified\":\"2026-03-27T14:38:37+00:00\",\"breadcrumb\":{\"@id\":\"https:\\\/\\\/niederschulte-beratungsprinzip.de\\\/?page_id=1064#breadcrumb\"},\"inLanguage\":\"de\",\"potentialAction\":[{\"@type\":\"ReadAction\",\"target\":[\"https:\\\/\\\/niederschulte-beratungsprinzip.de\\\/?page_id=1064\"]}]},{\"@type\":\"BreadcrumbList\",\"@id\":\"https:\\\/\\\/niederschulte-beratungsprinzip.de\\\/?page_id=1064#breadcrumb\",\"itemListElement\":[{\"@type\":\"ListItem\",\"position\":1,\"name\":\"Startseite\",\"item\":\"https:\\\/\\\/niederschulte-beratungsprinzip.de\\\/\"},{\"@type\":\"ListItem\",\"position\":2,\"name\":\"Qualit\u00e4tsmanagement\"}]},{\"@type\":\"WebSite\",\"@id\":\"https:\\\/\\\/niederschulte-beratungsprinzip.de\\\/#website\",\"url\":\"https:\\\/\\\/niederschulte-beratungsprinzip.de\\\/\",\"name\":\"Niederschulte-Beratungsprinzip\",\"description\":\"\",\"potentialAction\":[{\"@type\":\"SearchAction\",\"target\":{\"@type\":\"EntryPoint\",\"urlTemplate\":\"https:\\\/\\\/niederschulte-beratungsprinzip.de\\\/?s={search_term_string}\"},\"query-input\":{\"@type\":\"PropertyValueSpecification\",\"valueRequired\":true,\"valueName\":\"search_term_string\"}}],\"inLanguage\":\"de\"}]}<\/script>\n<!-- \/ Yoast SEO plugin. -->","yoast_head_json":{"title":"Qualit\u00e4tsmanagement - Niederschulte-Beratungsprinzip","robots":{"index":"index","follow":"follow","max-snippet":"max-snippet:-1","max-image-preview":"max-image-preview:large","max-video-preview":"max-video-preview:-1"},"canonical":"https:\/\/niederschulte-beratungsprinzip.de\/?page_id=1064","og_locale":"de_DE","og_type":"article","og_title":"Qualit\u00e4tsmanagement - Niederschulte-Beratungsprinzip","og_url":"https:\/\/niederschulte-beratungsprinzip.de\/?page_id=1064","og_site_name":"Niederschulte-Beratungsprinzip","article_modified_time":"2026-03-27T14:38:37+00:00","twitter_card":"summary_large_image","twitter_misc":{"Gesch\u00e4tzte Lesezeit":"3\u00a0Minuten"},"schema":{"@context":"https:\/\/schema.org","@graph":[{"@type":"WebPage","@id":"https:\/\/niederschulte-beratungsprinzip.de\/?page_id=1064","url":"https:\/\/niederschulte-beratungsprinzip.de\/?page_id=1064","name":"Qualit\u00e4tsmanagement - Niederschulte-Beratungsprinzip","isPartOf":{"@id":"https:\/\/niederschulte-beratungsprinzip.de\/#website"},"datePublished":"2025-01-26T16:45:47+00:00","dateModified":"2026-03-27T14:38:37+00:00","breadcrumb":{"@id":"https:\/\/niederschulte-beratungsprinzip.de\/?page_id=1064#breadcrumb"},"inLanguage":"de","potentialAction":[{"@type":"ReadAction","target":["https:\/\/niederschulte-beratungsprinzip.de\/?page_id=1064"]}]},{"@type":"BreadcrumbList","@id":"https:\/\/niederschulte-beratungsprinzip.de\/?page_id=1064#breadcrumb","itemListElement":[{"@type":"ListItem","position":1,"name":"Startseite","item":"https:\/\/niederschulte-beratungsprinzip.de\/"},{"@type":"ListItem","position":2,"name":"Qualit\u00e4tsmanagement"}]},{"@type":"WebSite","@id":"https:\/\/niederschulte-beratungsprinzip.de\/#website","url":"https:\/\/niederschulte-beratungsprinzip.de\/","name":"Niederschulte-Beratungsprinzip","description":"","potentialAction":[{"@type":"SearchAction","target":{"@type":"EntryPoint","urlTemplate":"https:\/\/niederschulte-beratungsprinzip.de\/?s={search_term_string}"},"query-input":{"@type":"PropertyValueSpecification","valueRequired":true,"valueName":"search_term_string"}}],"inLanguage":"de"}]}},"_links":{"self":[{"href":"https:\/\/niederschulte-beratungsprinzip.de\/index.php?rest_route=\/wp\/v2\/pages\/1064","targetHints":{"allow":["GET"]}}],"collection":[{"href":"https:\/\/niederschulte-beratungsprinzip.de\/index.php?rest_route=\/wp\/v2\/pages"}],"about":[{"href":"https:\/\/niederschulte-beratungsprinzip.de\/index.php?rest_route=\/wp\/v2\/types\/page"}],"author":[{"embeddable":true,"href":"https:\/\/niederschulte-beratungsprinzip.de\/index.php?rest_route=\/wp\/v2\/users\/2"}],"replies":[{"embeddable":true,"href":"https:\/\/niederschulte-beratungsprinzip.de\/index.php?rest_route=%2Fwp%2Fv2%2Fcomments&post=1064"}],"version-history":[{"count":22,"href":"https:\/\/niederschulte-beratungsprinzip.de\/index.php?rest_route=\/wp\/v2\/pages\/1064\/revisions"}],"predecessor-version":[{"id":1509,"href":"https:\/\/niederschulte-beratungsprinzip.de\/index.php?rest_route=\/wp\/v2\/pages\/1064\/revisions\/1509"}],"wp:attachment":[{"href":"https:\/\/niederschulte-beratungsprinzip.de\/index.php?rest_route=%2Fwp%2Fv2%2Fmedia&parent=1064"}],"curies":[{"name":"wp","href":"https:\/\/api.w.org\/{rel}","templated":true}]}}